et a be j/(-40) - (-16)/(-10). Let m(u) = -3*u + 1. Calculate m(a).
7
Let i = 2 + -1. Let f(w) = 2*w**2 - 5*w. Let j(a) = -a. Let b(g) = f(g) - 6*j(g). Let t be b(i). Let l(s) = s**2 - 2*s - 1. What is l(t)?
2
Let s(t) = t**2 + 3*t + 2. Let x(u) = -u**2 - u + 4. Let w be x(-3). What is s(w)?
0
Suppose -6 + 31 = 5*c. Suppose 0 = c*r + 20, -5*a - 23 = 4*r + 23. Let y(s) = s**2 + 6*s + 5. Give y(a).
5
Suppose 0*u - 5*u + 3*w + 35 = 0, 5*u - 5*w = 45. Let h(d) = d**2 - 2*d + u - 3 + 2*d**2. Give h(2).
9
Suppose 2*r = -4*g + 28, -5*g = -r - 0*r - 42. Let b(j) = 0*j**2 - 6*j + g*j + j**2 - 6. Calculate b(-5).
9
Suppose f - 4*f + 3 = 0. Let m(t) = -t**3 - t**2 - 1. Let w(j) = j**3 - 2 + 2*j**2 + 2 - 1 + 5. Let v(z) = 3*m(z) + w(z). Determine v(f).
-2
Let i(q) = -1. Let s(y) be the second derivative of -1/6*y**3 - 3*y**2 - 3*y - 1/6*y**4 + 0. Let k(r) = 6*i(r) - s(r). Give k(1).
3
Let y = -8 + 2. Let l(v) be the first derivative of 1/4*v**4 + 2*v + 0*v**2 + 2*v**3 - 1. Calculate l(y).
2
Let u(t) = -t**2 - 10*t - 4. Let k(s) = -2*s**2 - 19*s - 7. Let p(j) = 4*k(j) - 7*u(j). Let b be (-3)/2 - (-150)/20. Let c be (b/(-8))/(2/16). Determine p(c).
0
Let r = -31 + 27. Let i(f) = 4 + 1 - 2*f + 5*f. Calculate i(r).
-7
Let v(t) = 4*t**2 - 4*t + 2. Let m be ((-5)/3)/(50/(-60)). Give v(m).
10
Let a(s) = -28*s + 1 - 4 + 25*s. Determine a(-5).
12
Let d(o) = o**2 - o + 1. Let a(c) = -c**3 + 5*c**2 - 3*c - 4. Let u be a(4). Give d(u).
1
Let d(s) = s**3 + 6*s**2 + 4*s - 5. Suppose -g = -6 + 2. Let k(r) = -r + 7. Let q be k(7). Suppose 2*j - j + g = q. Give d(j).
11
Let w(o) = o**3 - o**2 - 2*o + 3. Suppose 4*s - s + 18 = 0. Let j = s - -13. Let h = j - 5. Calculate w(h).
3
Let h(s) = s**3 - 3*s + 1. Suppose 2*w + 0*w + n - 4 = 0, -5*n + 6 = 3*w. Suppose 5*x - 4*x = w. Calculate h(x).
3
Let x(h) = 4*h**2 - 2*h - h + 6*h - h**3 - h. Let a be x(4). Let j(f) = f**3 + 3*f - f**2 - a - 4*f**2 + 1. What is j(5)?
8
Let j = -4 + 6. Let n(u) = u - 4 - 5 - u**j + 6. Let d be (0 - 0)*(-4 + 7 + -4). Determine n(d).
-3
Let r(w) = -w**3 - 3*w**2 - 4. Let z be r(-3). Let k = z - -2. Let h be k - 1/(-3)*0. Let p(j) = -j - 4. What is p(h)?
-2
Let o(i) = 140 + i - 281 + 136. Calculate o(5).
0
Let z be (6/(-8))/(2/(-16)). Let j(m) = -m**3 + 5*m**2 - 5*m + 2. Let d(w) = -2*w**3 + 9*w**2 - 9*w + 5. Let g(y) = -2*d(y) + 5*j(y). Calculate g(z).
-6
Suppose -5*o + d + 3*d - 68 = 0, 0 = 4*o - 4*d + 56. Let z be (-2)/o + 46/12. Let g(l) = -l**2 + 5*l - 3. Give g(z).
1
Let j(m) = -8*m - 2. Let s = -4 + 9. Let z be (4/(-5))/(1/s). Let q(t) = 4*t + 1. Let a(c) = z*j(c) - 7*q(c). Calculate a(-1).
-3
Let b(x) = -2*x**2 - 8*x - 7. Let n(f) = -3*f**2 - 16*f - 13. Let z(p) = 5*b(p) - 3*n(p). Determine z(8).
4
Let f(a) = a + 1. Let w(j) = 6*j + 12. Let i(b) = 5*f(b) - w(b). Determine i(-5).
-2
Let z(p) = p**3 - 4*p**2. Suppose 5*u = 18 + 47. Let t = -9 + u. What is z(t)?
0
Suppose -r = -2*r + 2*x - 1, -5*r - 4*x = -9. Let v(o) = 7*o + 4. Let c(w) = 6*w + 3. Let j(q) = 5*c(q) - 4*v(q). Calculate j(r).
1
Suppose 10*y = 13*y. Let q(w) be the third derivative of y*w - 1/120*w**6 - 1/24*w**4 + 1/15*w**5 + 3*w**2 + 2/3*w**3 + 0. What is q(4)?
0
Let c(g) = g**3 - 3*g**2 - g + 1. Let v be c(3). Let m(o) = 7*o + 2. Calculate m(v).
-12
Let i(n) = n - 1. Let o(k) = k**2 + 17*k - 25. Let s be o(-18). What is i(s)?
-8
Let j(t) = 5*t - 39. Let k be j(9). Let v(a) = -a. Calculate v(k).
-6
Let w(m) = -m**2 - 4*m - 1. Let z be w(-3). Suppose 3*a = -2*f - a + 16, -f + 5*a - 6 = 0. Let s(j) = 2 - z + j**2 + f*j + 0 - 4. What is s(-4)?
-4
Let c be -1*(-10)/(-4)*-2. Suppose -14 = 5*r + 11. Let t(u) = -3*u**2 + 10*u - 10. Let l(a) = 2*a**2 - 7*a + 7. Let p(m) = r*t(m) - 8*l(m). Calculate p(c).
-1
Let o = 7 + -3. Suppose 3*t - 3*u = -6*u, -3*u = -3*t + 12. Let d(z) = t*z - o*z + z + 1. Calculate d(-2).
3
Suppose 4*f - 2*f = 6. Let y be -1 + (-3 - -12 - f). Let j(v) be the first derivative of v**4/4 - 2*v**3 + 7*v**2/2 - 4*v + 2. Determine j(y).
6
Suppose a = -2*k + 5*a + 12, 5*a + 20 = 0. Let v(q) = q**3 - q**2 - q - 1. Let i(b) = b**3 - 4*b**2 - b. Let n(s) = -i(s) + 2*v(s). Determine n(k).
0
Let l(h) = -4*h - 3. Suppose 2*b - 4*b + 8 = 0. Suppose 2*n = 4*u + b, 3*n + 2*u + 2*u = -14. What is l(n)?
5
Let n = -13 - -28. Suppose -8*j + 3*j = -n, 3*j = 3*f. Let q(b) = -7 + b**3 + 4*b**2 - 3*b + 0 - f*b. What is q(-5)?
-2
Let b(f) = 3*f**2 + 9*f - 2. Let v be b(-4). Suppose -v - 5 = 5*m. Let i(k) = k - 4. Give i(m).
-7
Let s(m) = -4*m**2 + 3*m + 1. Let v(l) = -l**2 + l. Let y(p) = -s(p) + 5*v(p). Let q(f) = f**2 + 7*f - 5. Let c be q(-8). Determine y(c).
-4
Let y = 11 + -7. Let s(l) = l - y*l + 5*l**2 + 2*l + 5 + l**3. Give s(-5).
10
Let z(s) be the second derivative of s**3/3 - 5*s**2/2 - s. Let x = -14 - -25. Let y = x + -7. Give z(y).
3
Let y(v) = -v + 4. Let c be y(2). Let j(a) = a - 8 - a**3 + 5 + a. Calculate j(c).
-7
Let v(f) = 7 + 2*f + 2 + 0*f. Suppose u + u + 12 = 0. Let r be v(u). Let w(k) = 2*k + 2. Determine w(r).
-4
Let j(l) = -28*l - 21. Let t(a) = 3*a + 2. Let y(i) = -2*j(i) - 21*t(i). Calculate y(-1).
7
Let q(p) = -p**2 - 5*p - 1. Suppose -5*j + h = -4*h + 30, 0 = -2*j + 5*h - 24. Let u(c) = -c**2 - 6*c - 1. Let n(m) = j*u(m) + 3*q(m). Determine n(-4).
-5
Let o(l) = l**2 - l + 1. Let x(c) = -8*c**2 - 2*c - 1. Let k(a) = -2*o(a) + x(a). Let g(u) = -u**2 - u - 1. Let p(i) = 2*g(i) - k(i). Determine p(1).
7
Let y(s) be the second derivative of -s**3/6 + s**2/2 + 14*s. Give y(3).
-2
Let y(r) = -r**2 + r - 2. Suppose 3*m = 4*c + 20, -3*m = -2*m + 4*c + 4. Give y(m).
-14
Suppose 5*s - 2 = 4*s. Let t(h) = -7*h - s*h - h**2 + 6*h + 0*h + 3. Determine t(-5).
-7
Let w(z) be the third derivative of -z**6/120 + z**5/15 + z**4/3 - 7*z**3/6 - 8*z**2 - 5. Let f be 0/(0 + (-2 - -1)). Suppose -2*m + 13 - 3 = f. Determine w(m).
8
Let q = -4 - -5. Let x(b) = 1. Let j(u) = -4*u - 2. Let t(a) = q*j(a) + x(a). What is t(-1)?
3
Suppose -3 + 9 = 2*n. Let f = n - 2. Suppose 5*i = 4*q - 33, -3*q + 7 = f. Let h(v) = -v**2 - 5*v + 2. What is h(i)?
2
Let p(f) = -f**2 - 7. Let x(k) = k**2 + k + 7. Let y(d) = 5*p(d) + 4*x(d). Calculate y(5).
-12
Suppose -3*r - 2 = 5*a, a = 2*a + 4. Let z(o) = -o - 5. Let x(j) = 4*j + 15. Let p(u) = -2*x(u) - 7*z(u). Give p(r).
-1
Let w(s) be the second derivative of s**6/120 + s**5/30 + s**4/6 + s**3/3 - 3*s**2/2 - 6*s. Let h(x) be the first derivative of w(x). What is h(-2)?
-6
Let d(j) = -j - 8. Let q(p) = -p**3 + p**2 + p - 6. Let m be q(0). Let t be d(m). Let i(g) = -g**3 + g - 2. What is i(t)?
4
Let k = 4 + -2. Let s(i) = -2*i**3 + 1 - 5*i - k - i**2 + 3*i. Let x(j) = -j**3 - 4*j**2 + 6*j + 4. Let b be x(-5). Determine s(b).
2
Suppose 2*u = 4*u. Let o(r) be the first derivative of -r**4/4 - r**2/2 + 2*r - 4. Determine o(u).
2
Let l(a) be the third derivative of 1/6*a**3 + 5*a**2 + 0 + 0*a + 3/8*a**4. Determine l(-1).
-8
Let h(f) be the third derivative of f**4/24 + f**3/2 - 7*f**2. Give h(3).
6
Let o(m) = 4*m**2 - 2*m + 1. Let s be o(1). Let p = -1 + s. Let j(y) = 2 + p - 1 - y + 2*y. Calculate j(0).
3
Suppose -3*p - 1 = -4*p. Let d(a) be the second derivative of -a + 0*a**2 + 3/10*a**5 + 0*a**4 + 0 + 1/6*a**3. Give d(p).
7
Suppose -10*u - 8 = -8*u. Let t(d) be the third derivative of -d**6/120 - d**5/15 + d**4/12 + 5*d**3/6 + d**2. Calculate t(u).
-3
Let d(t) = -t**2 + 4. Let b = 15 - 15. Calculate d(b).
4
Let j(x) = -7*x - 9. Let g(h) = -11*h - 14. Let l(d) = 5*g(d) - 8*j(d). Let k be l(2). Let w(v) = -v - 3. Calculate w(k).
-7
Let g(v) = 4*v**2 - 3*v**2 - 5 + 13*v**3 - 5*v**3 + 4 - v. Determine g(-1).
-7
Let c(g) be the third derivative of -g**4/24 - 4*g**2. Give c(-2).
2
Suppose 2*f = 3*a + 12, 3*a - 3*f = 2*f - 12. Let j(n) be the second derivative of 0 + 1/2*n**2 + n + 2/3*n**3 + 1/12*n**4. Give j(a).
1
Let x(z) = -z + 3*z + 13 - 2*z + 2*z. Determine x(-9).
-5
Suppose 3*t - 3*r - 2 + 8 = 0, -3*t + 2*r - 2 = 0. Suppose l - 21 = -t*l - 3*h, l = 2*h - 8. Let c(d) = 4*d + 0 - l - 5*d. Calculate c(4).
-6
Let g(n) = n**3 + 5*n**2 + 6*n + 4. Let j(c) = -c - 1. Suppose 7*o = 2*o + 15. Let v be j(o). Let a be g(v). Let k(x) = -x - 2. Calculate k(a).
2
Let l(z) = z**2 + 13*z - 15. Let j be l(-14). Let w(a) = -a + 5*a + 1 - 3*a. Give w(j).
0
Let c(n) = n**3 + n**2 - 2*n - 6. Let x(s) = -3*s**3 - 4*s**2 +